 when 139 is divided by q(5)?
31
Suppose 0 = -2*u - 2*u. Suppose 5*x + 7 - 47 = u. Suppose 0 = -3*l + x*l - 65. Calculate the remainder when 24 is divided by l.
11
Suppose -26 = -5*d + 4. Let k(t) = -5*t**3 - t**2 + t + 1. Let o be k(-1). Let v(l) = -l**3 + 5*l**2 + l - 4. Calculate the remainder when v(o) is divided by d.
4
Let y = 3 + -1. Suppose -5*s + 10*s = 140. Suppose -f = y - s. What is the remainder when f is divided by 14?
12
Suppose 4*r - 2*m + 4*m = 74, -3*r - 4*m = -63. Let o = 7 - 21. Let p = 23 + o. Calculate the remainder when r is divided by p.
8
Let m = 182 - 115. Calculate the remainder when m is divided by 34.
33
Suppose -5*o + 2*o = 81. What is the remainder when 6/o - 1140/(-27) is divided by 11?
9
Calculate the remainder when 17*(1 - 3)*6/(-12) is divided by 11.
6
Calculate the remainder when 19 is divided by 16/(-8) + (-2 - -2) + 15.
6
Let g = 3 + 1. What is the remainder when 6 is divided by g?
2
Suppose 14*g - 243 = 5*g. What is the remainder when g is divided by 10?
7
Let g = 7 - -35. What is the remainder when 15 is divided by (-3)/(-7) + 318/g?
7
Let w(a) = a**3 - 9*a**2 + 13*a + 32. What is the remainder when w(8) is divided by 27?
18
Let c(l) = -8*l**2 + 2*l + 4. Let t be c(-3). Let r be t/(-9) + (-10)/45. Suppose 4 + r = 4*h. What is the remainder when h is divided by 2?
1
What is the remainder when 825/(-10)*(-2)/3 is divided by 14?
13
Suppose -k - j = -5, k - 6*k = -5*j - 25. What is the remainder when 9 is divided by k?
4
Let q(c) = -c**2 - 9*c - 7. Suppose 3*y + u + 14 = 6*u, 4*u + 24 = -2*y. Let l be q(y). What is the remainder when 20 is divided by (-1 - -1) + l - -10?
9
Suppose -y - 39 = -4*y. Calculate the remainder when 75 is divided by y.
10
Suppose 0 = -o + 6*o - 130. What is the remainder when 206 is divided by o?
24
Let i(a) = -42*a**3. Let j be i(-1). Let d = 61 - j. Let k(q) = q**3 + 9*q**2 + 7*q + 4. Calculate the remainder when k(-4) is divided by d.
18
Let t be (-1 - -3)*1 - 2. Calculate the remainder when 56 is divided by 2 + t/2 + 17.
18
Suppose -2*j = -3*f + 5, 2*j + f + 45 = -4*f. Let k be (-6)/j + (-8)/(-20). Calculate the remainder when 58 + -1 - (k + 0) is divided by 19.
18
Let h be (1 + 0)/(5/(-25)). Let d = h - -7. Suppose -1 = d*j - 3. What is the remainder when j is divided by 1?
0
Let l(w) = w**3 - 3*w**2 + w + 3. Let r be l(3). Suppose 4*t - 2*y = -40, -2*t - 28 = -4*y - y. What is the remainder when 1/3 - r/t is divided by 1?
0
Calculate the remainder when (-24)/(-10) - 54/(-90) is divided by 2.
1
Let o be (0 - (2 - 3))*-1. What is the remainder when 4*10/4 + o is divided by (-5)/(-15) - 14/(-3)?
4
Suppose -4*r + 112 = -0*r - 5*g, 2*g + 84 = 3*r. Suppose -2*o - f = -r, -6 = -3*o + 4*f + 25. What is the remainder when o is divided by 7?
6
Let q(z) = -2*z**2 + 9*z + 3. Calculate the remainder when 13 is divided by q(4).
6
Suppose -2*m + 135 - 47 = 0. What is the remainder when 175 is divided by m?
43
Let j(n) = n + 5. Let k be j(-3). Suppose k*s - 69 = -s. What is the remainder when 68 is divided by s?
22
Let c be 20/6*9/(-2). Let p = -5 - c. Let z(n) = -n + 12. What is the remainder when p is divided by z(6)?
4
Calculate the remainder when 54 is divided by 4 - ((-3 - (-2 - -3)) + 0).
6
Let l = 86 - 52. Calculate the remainder when 100 is divided by l.
32
Let a(x) = -15*x - 3. Let q be a(3). What is the remainder when (3/2)/((-9)/q) is divided by 3?
2
Let a = -10 - -10. Suppose -9 = -3*l - a*l. Suppose -2*m + 6 - 2 = -5*r, 0 = 5*m + 5*r - 10. Calculate the remainder when l is divided by m.
1
Let k(y) = y**3 + 4*y**2 + y + 3. Let f be k(-4). Let b be (0 + 4)/(f/2). Let c = -2 - b. What is the remainder when 17 is divided by c?
5
Let d = -19 - -34. Suppose f + 4*b = -4*f + 24, 0 = -3*f - 3*b + d. Calculate the remainder when f is divided by 3.
1
Suppose -c - 2*k - 11 = -6*c, 3*c + 1 = 5*k. Suppose 2*h = c*r - 8, 2*h + 2*h - 4 = -4*r. Calculate the remainder when 9 is divided by -2 + (10 - (1 - h)).
3
Let u(d) = d**3 + 13*d**2 - 15*d + 18. What is the remainder when 127 is divided by u(-14)?
31
Let o(l) = -3*l + 5. Let k be o(3). Calculate the remainder when 62 is divided by (k - -5) + 15 + 0.
14
Let u be -2*(-4 + (-3 - -5)). Let g(o) = 2*o**2 - 4*o + 2. What is the remainder when (2/(-3))/((-6)/477) is divided by g(u)?
17
Suppose 232 = -4*y - 4*p, -5*y = -0*y - 5*p + 320. Suppose 5*v + 33 - 38 = 0. Calculate the remainder when (-1)/(1/v)*y is divided by 16.
13
Suppose -2*d - 8 = -6*d. Suppose -d*l = -l + 6. Calculate the remainder when 25 is divided by (l/8)/(3/(-36)).
7
Let m(i) = 3*i**2 + 13*i. What is the remainder when 118 is divided by m(-6)?
28
Let m(r) = r**2 - 6*r + 4. Let v be m(4). Let b = v + 12. What is the remainder when 74/6 - b/(-12) is divided by 7?
6
Let z(c) = -3*c + 4. Let t be 3 - 20/(-6)*-3. Let f = 13 + t. What is the remainder when z(-4) is divided by f?
4
What is the remainder when 58 is divided by (0 - 1)*3*-4?
10
Calculate the remainder when 85 is divided by (-4)/30 + 985/75.
7
Let a(f) = -f**2 + 10*f - 11. What is the remainder when 36 is divided by a(7)?
6
Calculate the remainder when 81 is divided by ((-252)/27)/((-1)/3).
25
Let t(f) = 9*f + 3. Calculate the remainder when 4 is divided by t(0).
1
Let j = 169 - 121. Let t = -31 + j. What is the remainder when t is divided by 6?
5
Suppose 0*n = -5*n + 15. Suppose 0 = -5*h + 6 + 14, n*h + 263 = 5*s. Calculate the remainder when s is divided by 19.
17
Let k be 0 + 2 - 214*-1. Suppose 2*j - 6*j = -k. Let h = j - 23. Calculate the remainder when h is divided by 11.
9
Suppose -x = 3*f - 41, -x + 8 = f - 3. Calculate the remainder when 42 is divided by f.
12
Let o be 458/10 - 1/(-5). Let q = o - 32. Let a(h) = 3*h - 4. What is the remainder when q is divided by a(3)?
4
Suppose -4*j + 0*j + 12 = 0. Let m = j - -3. What is the remainder when 21 is divided by m?
3
Let t = 17 - 27. Let q(g) = 5*g**2 + 2*g + 2. What is the remainder when q(-3) is divided by (-24)/(-20)*(-175)/t?
20
Suppose -4*p + 35 = -17. What is the remainder when 23 is divided by p?
10
Calculate the remainder when (-3)/2*(-4 - 26) is divided by 24.
21
Let r(i) = -i - 4. Let m be r(-3). Let n be (0 - m)*-2 - -5. Calculate the remainder when 10/n*(-3)/(-2) is divided by 3.
2
Let b(o) = -o**3 - 14*o**2 - 14*o - 10. Let a be b(-13). Suppose -a*g + 11 = -34. Calculate the remainder when 58 is divided by g.
13
Suppose 25*p - 39 = 24*p. What is the remainder when p is divided by 17?
5
Let a = 10 + -4. What is the remainder when a is divided by -3*(2 - 0)/(-2)?
0
Suppose 0 = 3*d - d + 8. Let z(w) = w**3 + 5*w**2 + 4*w + 3. Let l be z(d). Suppose 22 = b - l. What is the remainder when b is divided by 14?
11
Let h(x) = -x**3 + 5*x**2 + 3*x + 2. Calculate the remainder when h(5) is divided by 15*12/45*(-12)/(-8).
5
Suppose p + 15 = 2*p. Let n = -431 - -474. What is the remainder when n is divided by p?
13
Let z(v) = -12*v**3 + v - 3. What is the remainder when z(-2) is divided by (-3 + 2)/(1/(-23))?
22
Let p(r) = -r**2 + r - 1. Let t(i) = 4*i**2 - 4*i + 5. Let v(c) = -5*p(c) - t(c). Let f = 190 + -151. What is the remainder when f is divided by v(-4)?
19
Suppose n - 31 - 65 = -h, -2*n = 3*h - 292. Let r(b) = -b**3 + 4*b**2 + 5*b - 8. Let s be r(6). Let z = h + s. What is the remainder when z is divided by 17?
16
Let n be -4 + 0/(6/(-3)). What is the remainder when 16 is divided by 1*n/8*-12?
4
Suppose 11 - 31 = -5*q. Suppose 3*k - 172 = -4*o, q*o - 4*k - k = 140. Let l = 37 + -23. What is the remainder when o is divided by l?
12
Suppose 13 = -s - 5*w + 5, 5*w = -10. Calculate the remainder when 6 is divided by s.
0
Let x(j) = 3*j**3 - 6*j**2 + 7*j - 4. Calculate the remainder when 174 is divided by x(3).
42
Suppose 0 = 3*s - 3*k - 12, -3*k - 2*k + 5 = 0. Let c = 169 - -16. Suppose -s*j = -0*j - c. What is the remainder when j is divided by 13?
11
Let n = 5 + 25. What is the remainder when n is divided by 11?
8
Suppose -r + 13 = -7. What is the remainder when r is divided by 7?
6
Suppose -3*x + 18 = 5*h, -6 = 2*x - 4*h - 18. Let p = x - 3. Calculate the remainder when p is divided by 3.
0
Suppose 0 = -7*g + 3*g + f + 36, 3*f = g + 2. Let p be (24/(-5))/((-4)/10). Let d = 16 - p. Calculate the remainder when g is divided by d.
2
Let d = -14 - -28. Let l = d